e 1860 = 3*g - 0*v - 5*v, 0 = 2*g - v - 1247. Let t = -573 + g. What is the remainder when t is divided by 22?
8
Suppose 2847 = 5*w + 2*c - 1438, -2*w - 5*c = -1735. Suppose -703 = -2*b + x, -150 + w = 2*b + x. What is the remainder when b is divided by 51?
46
Let u = -5971 + 6941. What is the remainder when u is divided by 321?
7
Let d = -4208 + 4222. Calculate the remainder when 74 is divided by d.
4
Let h = -17 + 49. What is the remainder when h is divided by ((-222)/(-60) + -4)*(-44 + -6)?
2
Suppose -18 = 12*h - 18*h. Let q(n) = n**3 + 4*n - 10. Calculate the remainder when q(h) is divided by 2.
1
Let w = 23 + 8. What is the remainder when (-4 + (-544)/24)*((-112)/(-40) + -7) is divided by w?
19
What is the remainder when 446 is divided by (-101 - -6)/(15/(-6))?
28
Suppose -2*w = -2, c - w = -4*c + 14. Suppose -j = -c*k - 21, 3 = 2*j - 3. Let y = 1 - k. What is the remainder when 12 is divided by y?
5
Let z(b) = -2*b**3 - 4*b**2 + 78*b + 5. Let f be (4/(-8)*2)/1. Calculate the remainder when z(5) is divided by (-6)/9*18/f.
9
Suppose -28*i + 305880 = 14*i + 18*i. Calculate the remainder when i is divided by 6.
4
Let s be 14 + -10 + (-21)/1. Let i = 24 + s. Suppose i*y - 85 = 2*y. Calculate the remainder when y is divided by 6.
5
Let c(d) = d**3 - 23*d**2 + 26*d - 73. What is the remainder when 2167 is divided by c(22)?
7
Suppose 0 = 51*g - 46*g + 30. Calculate the remainder when (g*(-4)/32)/(6/568) is divided by 18.
17
Suppose y = 32 + 13. Let u be (-10)/y + 824/(-18) - 3. Let p = -27 - u. Calculate the remainder when p is divided by 8.
6
Let b(c) = -c**3 + 11*c**2 - 30*c + 13. Let i be b(7). What is the remainder when 120 is divided by ((-1)/i + 20)*(-20)/(-20)?
15
Suppose 10*y - 5*y = -j + 656, -5*j + 5*y + 3310 = 0. Calculate the remainder when j is divided by 83.
80
What is the remainder when (3 - 6)/1 + 1446 + -25 is divided by 203?
200
Let i(u) = 167*u**2 + 915*u - 3665. Calculate the remainder when i(4) is divided by 223.
214
Let w = 102 - 92. Let t(n) = 15*n - 144. Calculate the remainder when 237 is divided by t(w).
3
Let c = -11 - -13. Let t(l) = 36*l**2 + 4*l + 5. What is the remainder when t(-1) is divided by (-5)/(c/(1 + -9))?
17
Suppose 3*w = 2*w + 9. Suppose 3*u = 4*k + 1622, w*k = 4*u + 5*k - 2168. Calculate the remainder when u is divided by 61.
58
Let l(k) = -k**3 + 12*k**2 + 3575*k - 124. What is the remainder when l(66) is divided by 198?
8
Suppose -330*l + 40167 = -14*l + 6355. What is the remainder when l is divided by 35?
2
Let d = -2107 + 2230. Calculate the remainder when 1105 is divided by d.
121
Let z(m) = 97*m - 154. Calculate the remainder when z(5) is divided by 38.
27
Let g = -7044 - -12410. Calculate the remainder when g is divided by 7.
4
Let d(s) = s**3 + 14*s**2 + 6*s + 20. Let b be d(-14). Let m = b + 62. What is the remainder when 29 is divided by -4*4/8 + 15 + m?
7
Suppose 5*u - 121 = 3*u + 5*a, -3*u = -2*a - 154. Let i = 281237 - 281201. Calculate the remainder when u is divided by i.
12
Let m(k) = -2*k**2 - 16*k + 4. Let o be m(-8). Suppose o*d + 2*b = 344, -b - 430 = -5*d + b. Let h = d + -47. Calculate the remainder when 114 is divided by h.
36
Let f(n) = n**3 + 15*n**2 + 23*n - 21. Calculate the remainder when f(-10) is divided by 28.
25
Calculate the remainder when (64/10 + -2)/(-1 - 716/(-715)) is divided by 15.
11
Let g be (12 + -11)/(0 + -1). What is the remainder when ((-602)/(-21))/(g/(45/(-6))) is divided by 12?
11
Let d be 3/(7/(-2128)*-4). Calculate the remainder when 40 is divided by (-3)/5 + d/30.
5
Let s = 193 - 194. Let z(c) = -4*c + 20. Suppose 3*p - 289 = 2*h, p + p - 2*h - 196 = 0. Calculate the remainder when p is divided by z(s).
21
Let d(q) = -38*q**2 + 11*q**2 + q - 10 + 15*q**2 + q**3 + 14*q**2. What is the remainder when d(3) is divided by 10?
8
Let m = -38175 - -38431. Calculate the remainder when m is divided by 100.
56
Let b = 5 - -4. Suppose -j - 154*q = -159*q - 87, 4*j = -3*q + 348. What is the remainder when j is divided by b?
6
Let a = 416 + -299. Suppose 2*z - 41 = a. Calculate the remainder when z is divided by 44.
35
Let m = 26766 + -26685. Calculate the remainder when 407 is divided by m.
2
Calculate the remainder when 13 - 2 - (-43 - 1171) is divided by 21.
7
Let y(g) = -g**3 + g + 180. Let q = 3029 - 3016. What is the remainder when y(0) is divided by q?
11
Let h(j) = -2*j**3 + 13*j**2 - 5*j + 8. Let l(r) = -2 - 3*r - 19*r**2 + 15*r**2 + 9*r**2. Let q be l(-1). Calculate the remainder when 81 is divided by h(q).
11
Let r = -22 + -5. Let p be (-5062)/(-18) - (-3)/(r/2). Suppose 4*a - 269 = 5*j, 2*a - 6*a = -j - p. What is the remainder when a is divided by 12?
11
Let k(n) = -6*n**3 - 5*n**2 + 297*n + 1819. What is the remainder when k(-6) is divided by 98?
75
Calculate the remainder when 260 is divided by (-6 - 1098/(-27))*((-44)/(-8) - 1).
104
Let g(i) = 105*i + 7111. Calculate the remainder when 343 is divided by g(-66).
162
Let q(j) = -7*j + 26. Let o be q(3). Suppose -2*b = 4*k - 140, 20*k - 16*k - 152 = -o*b. Calculate the remainder when 73 is divided by k.
7
Suppose -2*c = -v - 0*c + 4, 5*c = -5. Let h(n) be the second derivative of 5*n**3/3 - 6*n. What is the remainder when 54 is divided by h(v)?
14
Suppose 14*s - 100 = 10*s. Let p(t) = -6*t**3 + 2*t**2 + t. Let q be -5 + (3/(-3) - -5). What is the remainder when s is divided by p(q)?
4
Let y = 1 - -6. Suppose -z + 12 + y = 0. Let q(t) = -4750*t + 4843. Calculate the remainder when q(1) is divided by z.
17
What is the remainder when 142 is divided by ((-1704)/710)/((-4)/90)?
34
Let b = 27885 - 27826. Calculate the remainder when 324 is divided by b.
29
Let r(u) = -8*u + 4. Let c = 9040 + -8854. What is the remainder when c is divided by r(-3)?
18
Suppose -2*u + 4*n + 2018 = 0, 2*u - 1988 = 59*n - 61*n. Let j = 1007 - u. Let r = 38 - 20. Calculate the remainder when r is divided by j.
2
Suppose 2*k - 245 = -2*k + n, -5*n - 310 = -5*k. Let f(j) = k*j - 13 - 117*j + 54*j. Calculate the remainder when 17 is divided by f(-9).
2
Let l be 330*((-63)/12 - -6)*2. What is the remainder when 325 is divided by 4/6*l/6?
50
Let w = 413 + -405. Calculate the remainder when 140 is divided by w.
4
Suppose -2*b + 4*q - 3 = 5, 4 = q. Let x be (b + 4 - (-1 + 4)) + -3. Suppose 32 - x = 2*l. What is the remainder when l is divided by 2?
1
Let o = 330 - 150. Let j(s) = -38*s + 20. Let h be j(-2). Let r = o - h. What is the remainder when r is divided by 15?
9
Let x(k) = -k**3 - 14*k**2 - 111*k + 10. Calculate the remainder when x(-11) is divided by 97.
92
Let y(u) be the second derivative of -5*u**3/6 + 23*u**2/2 + 26*u. Calculate the remainder when y(4) is divided by (-2)/(-6)*-2*-3.
1
Let r(d) = 1490*d - 50391. What is the remainder when r(34) is divided by (12/16)/(2/120)?
44
Suppose 3*a = -m - 0 + 16, m + 5*a = 24. Calculate the remainder when (-19)/((-209)/(-572))*m/(-2) is divided by 31.
11
Let i = 34056 - 30703. Calculate the remainder when i is divided by 46.
41
Let s(h) = -70*h**2 + h. Let v be s(-1). Let r = v - -70. Calculate the remainder when (-168)/196*(-50 - r) is divided by 21.
0
Let c(w) = -w - 1. Let d be c(0). Let b(n) = -31*n - 1. What is the remainder when b(d) is divided by ((192/(-10))/4)/(16 + 4401/(-270))?
14
Let b be ((-9)/12)/((-5)/20). Suppose c - 42 = -2*o, c + 24 = o + b*c. Suppose -5*a = 0, -10 = -u + 5*a + 78. Calculate the remainder when u is divided by o.
8
Let m(g) = -19*g - 126. What is the remainder when m(-10) is divided by -2 - -1 - 2 - -31?
8
Suppose -82 = -5*c + 158. Let d be (-46)/(-138) - 322/(-6). Let s = d - c. Calculate the remainder when 15 is divided by s.
3
Let z(f) = 225*f + 1. Let a be z(2). Let i = -286 + a. Suppose -9*m + i = 57. What is the remainder when 13 is divided by m?
1
Suppose 4*w = -a + 480, 2*w - 2*a - 408 = -168. Let j be (1/(-3) + (-20)/w)*4. Let k(h) = -2*h**3 - 2*h - 1. Calculate the remainder when k(j) is divided by 7.
5
Suppose 2 = -i + 4*o, 0*i - 6 = -i - 4*o. Suppose 0 = -0*x + x - 3*k + 14, 2*k = -i*x + 4. Calculate the remainder when 20 is divided by (7 + -15)/(0 + x/3).
8
Suppose 3*i + 6 = c, -c + 223 = i + 217. Suppose 5*u - 235 = -5*d, 0 = 6*u - 4*u - 4*d - 112. What is the remainder when u is divided by c?
2
Let x = -94 + 99. Let n(l) = -l**2 - 7*l